git of v?
6
Suppose -234*j + 161*j = -125*j + 4044976. What is the hundreds digit of j?
7
Suppose 2*n + 285 = 7*n. Let a = n - 64. What is the units digit of 160/3 - a/(-21)?
3
Suppose 2241*z = 2261*z - 284820. What is the tens digit of z?
4
What is the units digit of (-480156)/(-32) - ((-55)/40)/11?
5
Suppose 7*n = 3*n - 3*h + 11, 21 = 3*n - 2*h. Suppose 3*q - 640 = -n*p, 2*q = 5*q + 4*p - 638. What is the tens digit of (108/90)/(4/q)?
6
Suppose 2*t = -o + 3*t + 4, o - 10 = -2*t. Suppose -5*s + o + 24 = 0. What is the tens digit of (-273)/(-6) + (-3)/s?
4
Suppose -3*m + 18 = 114. Let d = m + -30. Let a = d - -96. What is the units digit of a?
4
Suppose 6*l + l - 7 = 0. Let k be ((116 - 7) + (l - 3))*1. Let o = k + -62. What is the tens digit of o?
4
Let x = 219 - 69. Let q = -2152 - -2233. Suppose z = -w + q, -3*z + 2*w + x = -z. What is the units digit of z?
8
Let u be (-56)/(-12) + 2/(-3) - 2. Let z(l) = 3*l**u + 3*l - 15*l + 4 - 1 + 29*l. What is the hundreds digit of z(4)?
1
Suppose 20*m - 546 - 4794 = 0. Suppose -m*t - 2984 = -271*t. What is the units digit of t?
6
Suppose 7*x = 24*x - 34. Suppose 5*t = -6*h + x*h - 12, h = -4*t - 14. Suppose 0*g + h*g = 3*s - 154, -s = -g - 52. What is the units digit of s?
0
Suppose 13*d = -27*d + 157960. What is the thousands digit of d?
3
Suppose 3*f - 3*h = 6, 2*f - 3*h = -4*h + 1. What is the thousands digit of 19998/44*(f - (-3 + 0))?
1
Suppose 833 = -5*w + 5318. Suppose 33*d - 30*d = w. What is the tens digit of d?
9
Let v(x) = -545*x**2 + 4*x - 6. Let y be v(2). What is the units digit of y*1*(-12)/36?
6
Let o(k) = -5*k - 67. Let f(l) = l**3 + 5*l**2 + 3*l + 37. Let m be f(-6). What is the units digit of o(m)?
8
Suppose -8*h = -4*h - 0*h, 4*h + 37988 = 4*w. What is the units digit of w?
7
Suppose 1664 = 20*r - 2070 - 11026. What is the tens digit of r?
3
Suppose -5*c - 21 = 3*k, -8*c + 9*c = 5*k + 7. Suppose 0 = -2*i + i - 6. What is the tens digit of 2/i - 151/c?
5
Let s = 57 + -46. Let i = s - -17. Suppose i*t - 23*t = 155. What is the tens digit of t?
3
Suppose 29*i - 28*i + 17659 = x, -52974 = -3*x + 4*i. What is the hundreds digit of x?
6
Let j(f) = -f**3 - 5*f**2 + 4*f + 42. Let c be j(-5). Suppose -c*g = -368 - 14614. What is the hundreds digit of g?
6
Let y = -4567 - -16464. What is the ten thousands digit of y?
1
Let d(r) = -444*r - 574. What is the thousands digit of d(-11)?
4
Suppose -2*g + 869 = 2*z - 609, -3*g - 4*z = -2222. Let m = g + -457. What is the units digit of m?
7
Suppose 2*c - 331 = 137. Let d = 686 - c. What is the units digit of d?
2
Suppose -w - 2*t - 3 = 0, 3*w - 2*t = -6*t - 3. Suppose -3*g = -3*x - 0*g + w, -2 = -2*x + 3*g. What is the hundreds digit of 4*(31/x)/1?
1
Suppose 19*a - 99556 - 24951 = 0. What is the hundreds digit of a?
5
Suppose 5*x - 20828 = -4*d + 22380, 4*d - 5*x = 43208. What is the units digit of d?
2
Let k(p) = 4*p**2 - 16*p - 113. Let d be (0 - 1)*56/7. What is the hundreds digit of k(d)?
2
Let y(n) = -n**2 - 14*n - 13. Let h be y(-11). Suppose 5*b = 5*c - 70, -c + 3*b + h = -b. What is the tens digit of 843/c + (-12)/(-16)?
7
Suppose 0 = -2*g - 6, 3*g + 5 = 2*y + 4*g. Suppose j + 7*i = 5*i + 125, y*i = 3*j - 425. What is the hundreds digit of j?
1
Suppose -4*s + 17 = -7. Let x be -2*3/(12/(-16)). Suppose -s*t + x*t = 232. What is the hundreds digit of t?
1
Suppose 4*m = -44*r + 48*r - 104204, 4*r + 4*m - 104236 = 0. What is the thousands digit of r?
6
Let u be 3*(15888/(-18))/8. Let z = u - -488. What is the units digit of z?
7
Suppose 0 = 3*t + 124 + 26. Let r = t - -52. Suppose -2*x - 3*o = -0*o - 215, r*x + o = 225. What is the tens digit of x?
1
Let k(x) = -x - 26. Let t be k(-22). Let i be t/(3 + 25) + (-1525)/7. What is the units digit of 4 + 2*8/(-4) - i?
8
Let t(o) = 2*o**2 - 141*o + 3638. What is the hundreds digit of t(27)?
2
Suppose 0*t = -8*t + 88. Suppose -t*l = -27*l + 160. Suppose 450 = l*j - 4*j. What is the tens digit of j?
7
Suppose 27*v - 85 = -4. Suppose v*u = -6*g + 11*g - 3441, 2*u + 2752 = 4*g. What is the hundreds digit of g?
6
Let f be -1 + -1 + 10 + -3. Suppose i = -d + 6, 2*d + 5*i = -0*d + 18. Suppose -3*o - 62 = 2*q - 379, f*o + 689 = d*q. What is the tens digit of q?
6
Let t = -500 + 720. Suppose -2*i = -0*i + t. Let u = 44 - i. What is the tens digit of u?
5
Let z(l) = 2*l**2 - 57*l + 321. Let c be z(26). Let b(m) = 118*m - 1. Let h be b(-1). Let r = c + h. What is the tens digit of r?
7
Let s(z) = z**2 - 2*z - 13. Let d be s(-6). Suppose 34*t = d*t - 265. Suppose -2*y + 8*v - 4*v + 100 = 0, -5*v = 5*y - t. What is the units digit of y?
2
Suppose 31*u = m + 33*u - 3118, 0 = -m + 4*u + 3148. What is the thousands digit of m?
3
Let t(i) = 19*i - 98. Let k be t(-6). Let c = 506 - k. What is the tens digit of c?
1
Suppose 10*i - 30*i = -229870 - 93590. What is the hundreds digit of i?
1
Suppose 2*m - 4 = -3*a - 8, -10 = 5*m. Suppose -585 = -2*l + k + 197, a = -5*l - 3*k + 1933. What is the hundreds digit of l?
3
Let k(l) = 82*l**2 - 39*l + 1187. What is the units digit of k(-33)?
2
Suppose -6*k + 7*k - 5*w = 19559, 3*k - 3*w = 58677. What is the ten thousands digit of k?
1
Let r(j) = 5*j**2 + 6*j + 2. Suppose -5 - 1 = n. Let a(b) = b**3 + 7*b**2 + 8*b + 8. Let u be a(n). What is the units digit of r(u)?
8
Let m(v) = -v**2 + 30. Suppose 5*d = -0*q - 5*q + 10, -q = 0. Let n be 0/((-7)/d - (-2)/4). What is the units digit of m(n)?
0
Suppose 16 + 4 = 4*i - 4*p, -5*p - 25 = -i. Let l = 13 - 8. Suppose -l*w + 8*w - 96 = i. What is the tens digit of w?
3
Let s(w) = 2*w**2 - 8*w - 5. Let m(y) = 3*y**2 - 17*y - 9. Let l(a) = -3*m(a) + 5*s(a). Let u be l(10). What is the tens digit of ((-2)/4)/((-2)/u)?
5
Let m(t) be the first derivative of t**4/4 + 23*t**3/3 + 15*t**2/2 - 31*t + 18. What is the tens digit of m(-9)?
6
Let v(g) = 28*g**2 - 72*g + 140. What is the ten thousands digit of v(-29)?
2
Let r(q) = -q**3 + 13*q + 10. Let c be r(-5). Let p = 82 - c. Suppose -p*o = -5*o - 546. What is the units digit of o?
8
What is the units digit of ((-35)/(-160)*16)/(14/75304)?
6
Let l = 19170 + -9425. What is the hundreds digit of l?
7
What is the hundreds digit of 9 + 1768 + 24/2?
7
Let s = 23 - -51. Let k = 178 - 215. Let q = s + k. What is the units digit of q?
7
Let z = -21 - -11. What is the hundreds digit of ((-5)/z)/((-2)/(-2004))?
5
Let i be (-36)/40*(-2)/3*5. Suppose -d + 1972 = i*d. What is the tens digit of d?
9
Suppose 76*v - 10551 = 312905. What is the thousands digit of v?
4
Let a = 10 - 10. Let g(b) = -12*b**3 - 3. Let h be g(-2). Suppose w = -5*z + h, -z = 2*w - a*w - 177. What is the tens digit of w?
8
Let a(y) be the first derivative of 4*y**3/3 + 7*y**2 - 6*y + 367. Suppose 5*b - 18 = -2*l, 0 = -b - 2*b + 6. What is the units digit of a(l)?
4
Let j(z) = -z**3 - 7*z**2 + 2. Suppose -u - 4*s = 15, -5*u - 11 = s + 26. Let x be j(u). What is the tens digit of (x - -250) + 4 + -9?
4
Let t be 5/(2/4 - 2/(-4)). Suppose 4*m = 2*u + 1197 - 159, m = t*u + 246. Let l = -163 + m. What is the units digit of l?
8
Suppose -2*k + y + 45039 = 5909, -16 = -2*y. What is the tens digit of k?
6
Let h = -14882 - -28751. What is the tens digit of h?
6
Suppose 17*k - 3*g - 113776 = 0, -12*k + 10*k - 3*g + 13372 = 0. What is the tens digit of k?
9
Suppose -j - 47270 = 3*l, j + 17543 = -5*l - 29737. What is the hundreds digit of (-12)/66 - 1*j/55?
8
Let q(z) = 0*z + 4*z + 97*z**2 + 111*z**2 - 98*z**2 - 5*z. What is the tens digit of q(1)?
0
Let y(w) = w**2 - 9*w + 7. Let u be y(9). Let f = 87 - u. Suppose -g - 3*p = -f, g - p - 60 = 4. What is the units digit of g?
8
What is the hundreds digit of (-1 - (-2)/8)/(7/(-36372))?
8
Let s(c) = 7*c - 2. Let m be s(2). Let w(t) = 3*t - 28. Let i be w(m). Suppose -10*y + 156 = -i*y. What is the units digit of y?
8
Suppose 9 = -3*c + 4*b - b, c = 3*b - 3. Let r(a) = 142*a**2 + 14*a + 43. What is the units digit of r(c)?
9
Let n(i) = -2*i**2 + 2*i - 20. Let q be n(-5). Let d be ((-1584)/q)/((-1)/5). What is the tens digit of 2 + -1*3/(-3) - d?
0
What is the thousands digit of (-46935)/(6/(-30)*5)?
6
Let t = -44 + 50. Suppose -4*j = -t*j + 8. Suppose -303 = -7*a + j*a. What is the units digit of a?
1
Suppose -12 = -3*y, -4*z + 5*y = z + 40. What is the hundreds digit of ((-1128)/21 - z)/((-4)/14)?
1
